11
Suppose 0 = 2*r, -5 = -o - 5*r - 0. Let p = 23 - 16. Let u(g) = -p*g**2 - 4 + 2*g**2 - 2 - g**3 + 2*g**3. Give u(o).
-6
Suppose 6*c - 11*c + 50 = 0. Suppose -9*z = -11*z + c. Let v(d) = 8 - 8 + 3*d - z*d. Calculate v(-2).
4
Let x(s) be the first derivative of 2 + 1/3*s**3 + 5/2*s**2 + 0*s + 1/60*s**5 - 1/12*s**4. Let a(k) be the second derivative of x(k). Calculate a(3).
5
Suppose 3*a + 2*a = 3*g - 9, -4*g + 3*a + 1 = 0. Let n(d) be the third derivative of d**5/60 + d**3/6 - 2*d**2 - 2*d. Give n(g).
5
Let w(x) = -21*x - 2. Let t(o) = 31*o + 2. Let l(r) = 2*t(r) + 3*w(r). Give l(1).
-3
Let v(r) be the third derivative of r**6/120 - r**5/15 - r**4/12 + r**3/3 + 226*r**2. Give v(5).
17
Let d = -3 - 1. Let g(q) = -4*q**3 - 6*q**2 - 6. Let n(j) = -3*j**3 - 5*j**2 + j - 5. Let p(i) = -2*g(i) + 3*n(i). Determine p(d).
1
Let f be (-3)/(-2) + (-2)/(-4). Let k(t) = -5*t**3 + t**2 - t - 1. Let m(y) = 16*y**3 - 3*y**2 + 2*y + 2. Let i(d) = -3*k(d) - m(d). What is i(f)?
-5
Let b = 18 - 16. Let o = -5 - -7. Suppose 0 = -5*q - b*s - 14 - 10, o*q = -5*s + 3. Let p(a) = a**2 + 6*a + 5. Calculate p(q).
5
Let x(l) = -l**3 - l**2 + 10*l + 2. Suppose -9 + 24 = 3*a. Suppose -a + 7 = 2*j. Let v(z) = -z**2 + z - 1. Let b(g) = j*x(g) - 6*v(g). Calculate b(6).
-4
Let f(z) = -z - 4. Suppose -3*y + 48 = -4*j + 17, 2*j + 38 = 4*y. Give f(y).
-13
Let a(g) = -g**2 - 7*g - 13. Suppose 5*q = 6*q - d + 2, -5*d - 4 = -3*q. Give a(q).
-13
Let t(v) = v - 1 + 21*v**2 + 0 - 29*v**2. Let n(s) = s**3 + 2*s**2 - 2*s - 3. Suppose 5*h + 8 = -2. Let z be n(h). Determine t(z).
-8
Let v(j) be the third derivative of 3*j**8/2240 + j**7/2520 - j**5/120 + 5*j**4/6 + 7*j**2. Let x(a) be the second derivative of v(a). Give x(1).
9
Let u(k) = k**3 + 10*k**2 - 46*k - 85. Let p be u(-13). Let a(b) = 1 - b + 4 - 2. Determine a(p).
-3
Let h(j) = j**3 - 4*j**2 + 2*j - 3. Let w = -11 + 5. Let m(i) = -2*i + 12. Let b be m(7). Let c = b - w. Calculate h(c).
5
Let o(j) = j**3 + 4*j**2 - 10*j - 9. Let r(a) = -a**2 + 2. Let q(n) = -o(n) + 3*r(n). What is q(-8)?
-1
Let c(w) = w**2 - 16*w + 12. Let u be (4 + -2)*270/36. Calculate c(u).
-3
Let m(r) = 11*r - 46. Let b(i) = -4*i + 16. Let a(j) = 8*b(j) + 3*m(j). Give a(15).
5
Let b(h) = -4*h + 1. Let z(m) = m + 1. Let v(c) = b(c) + 5*z(c). Let o be v(12). Let q be (-4)/6 - (-48)/o. Let g(s) = s**3 + 2*s**2 - 3*s. Determine g(q).
10
Let m(v) = -10 + 3*v + 0*v + v**3 + v**2 + 11 - 6*v**3 + 4*v**3. Give m(-2).
7
Suppose 0 = -q - 2*h - 2, q - 4*h - 12 = h. Let v(m) = -2*m**2 - 5*m - 4. Let t(b) = b + 1. Let k(f) = 6*t(f) + v(f). What is k(q)?
-4
Let t be (-4 - 0 - 9) + 20/10. Let d(q) = -4*q - 25. Give d(t).
19
Let p(s) = s - 8. Let j be p(12). Suppose 0 = j*f - f - 9. Let v(l) = l + 1 - 4*l + f*l + l. What is v(4)?
5
Let n = 196 - 190. Let w(c) = c**2 - 6*c - 8. Calculate w(n).
-8
Let r be (-1)/(2 + 5/(-3)). Let m(f) = -f - 9. Let j be m(-11). Let t(i) = 2*i**2 - 2 + i**3 + 2*i**2 - 7*i**j + 6*i**2. Give t(r).
-2
Let y(s) = -s**3 + 13*s**2 - 16*s - 2. Let z be y(11). Let o(c) = -68*c**3 + 2*c - 3 + 134*c**3 + 2*c**2 - 3*c**2 - z*c**3. Give o(2).
13
Let g(k) = -2*k + k + 6*k - k**2. Let s(i) = 189*i - 1696. Let x be s(9). Calculate g(x).
0
Let z be (2 + 2)/((5 - -5)/5). Let j(r) be the first derivative of -5*r**3/6 - r**2/2 - 2*r - 2. Let q(n) be the first derivative of j(n). Determine q(z).
-11
Let c(d) = 7*d - 40. Let y be c(6). Let l(x) be the third derivative of 3*x**y - 1/24*x**4 + 0 - 1/2*x**3 + 0*x + 1/30*x**5. Determine l(3).
12
Let t(c) = -26*c**3 + c**2 - c + 1. Let d = 149 + -148. What is t(d)?
-25
Let p(d) = -d**2 + 4*d + 5. Let h be p(5). Let s(y) = -y - 4*y**2 + 3*y**2 - 263 + 273 + 2*y. Determine s(h).
10
Let q(c) = -4*c + 5. Let u be ((-30)/(-5) + 13)*(0 - -1). Suppose -23*a + 16 = -u*a. Calculate q(a).
-11
Let d(p) = -4*p - 8. Let h(i) = -5*i**2 + 85*i - 3. Let l be h(17). Determine d(l).
4
Let o(i) = i + 4. Let b be o(-8). Let u(a) be the first derivative of a**2/2 + 1. Determine u(b).
-4
Let q(t) = -3 + 5 + 0 - 1 - t. Suppose -2*k = -3*k + 12. Let d = k - 6. What is q(d)?
-5
Let m = -16 + 18. Let z(b) = -95 + 91 - 6*b - 2*b**2 + m*b**2 - b**2. What is z(-5)?
1
Let p(j) be the second derivative of j**4/12 + 11*j**3/6 - 8*j**2 - j. Let x(c) = c**3 + 29*c**2 + 83*c + 118. Let w be x(-26). Calculate p(w).
-4
Suppose -3*t - t - 8 = 0. Let i be (-5)/((-15)/(-168)) - t. Let w be (-204)/i - 4/(-18). Let j(s) = -s**3 + 3*s**2 + 3*s - 1. Determine j(w).
-5
Let u = 60 - 51. Let l(c) = 2*c + 8*c**2 + 5*c + 1 - 599*c**3 + 598*c**3. Determine l(u).
-17
Suppose 4*w - 4 = -4*j, 4*w = 5*j - 11 - 39. Let h(f) = f**2 - 10*f + 4. What is h(j)?
-20
Let x(r) = 2*r + 17. Let y(n) = n + 7. Let g be y(-14). Give x(g).
3
Let a(x) = x**3 + 11*x**2 - 12*x - 8. Suppose -4*m + q = 49, 93*m + 2*q = 88*m - 58. Give a(m).
-8
Let x(j) be the third derivative of -j**5/60 + 11*j**4/24 - 10*j**3/3 + 46*j**2. Give x(9).
-2
Let w(p) be the second derivative of -p**7/2520 + 7*p**6/720 - p**4/2 - 11*p. Let q(z) be the third derivative of w(z). What is q(5)?
10
Let h = -2679 + 2663. Let n(w) = -w**3 - 15*w**2 + 16*w + 7. Calculate n(h).
7
Let s(a) = -2*a**2 + a + 5. Let p(x) = 3*x**2 - x - 4. Let b(r) = 5*p(r) + 4*s(r). Let w = 32 + -33. Calculate b(w).
8
Let a(m) = -36*m - 1. Let z be a(-1). Let u = -40 + z. Let i(s) = -s. Give i(u).
5
Let t(z) = -z**3 - 445*z + 220*z + 222*z + 7*z**2 - 8. Let j = 24 - 0. Suppose 3*d = 4*c + 18, 0*d - j = -4*d - 4*c. Give t(d).
10
Let d be (4/(4/(-13)))/1. Let h(f) = 3*f + 15. Let x(v) = v + 7. Let g(y) = d*x(y) + 6*h(y). What is g(2)?
9
Let q(b) = 3*b**2 - 2*b**2 + 0*b**2 - 4*b + 5. Let v(p) = p + 3*p + 2*p - 6 + 47. Let f be v(-6). What is q(f)?
10
Let o(z) = -z. Let k(b) be the second derivative of -7*b**3/6 + 3*b**2/2 - 2*b. Suppose 0 = -3*h + 4 - 1. Let p(l) = h*k(l) - 6*o(l). What is p(4)?
-1
Let n(a) be the first derivative of a**2/2 - 8*a - 502. Give n(-5).
-13
Let i(a) be the first derivative of -a**4/2 + 2*a**3/3 + 2*a**2 + 2*a - 72. Suppose -4*k + 3*w = 4*w + 12, -2*k = 5*w + 24. Give i(k).
18
Let v(b) = -10*b**3 + 11*b**3 + b - 67 + 3*b**2 + 70. Calculate v(-3).
0
Let f(c) be the first derivative of -c**6/360 - c**5/60 - 13*c**3/3 + 12. Let d(y) be the third derivative of f(y). Give d(-4).
-8
Let o(r) be the third derivative of 17*r**6/120 + r**5/60 - r**4/24 + r**3/6 - 2*r**2 - 1073. Let v be -1*(1 - 3) + -1. Calculate o(v).
18
Let y = -17 + 37. Suppose 2*m = 3*a - 10, 4*a + 4*m = a - y. Let d(x) be the first derivative of -x**4/4 - x**3/3 + x**2/2 + 2*x - 3. Determine d(a).
2
Let d(j) be the second derivative of -j**4/12 - j**3/2 + j**2/2 + 13*j + 10. Suppose -4*q + 5*q + 4 = 0. Calculate d(q).
-3
Suppose -2*l = -2*w - 12, -6 = 7*w - 3*w + 5*l. Let p(g) = -g**3 - 4*g**2 + 6*g + 4. Give p(w).
-20
Let c(b) = 2 + 5*b**3 - 5*b - 2*b**3 - 4*b**3 - 6 + 5*b**2. Determine c(4).
-8
Let f be 4/(-3) - 40/15. Let c be f - -3*(8 + -1). Suppose 5*v - 12 + c = 0. Let m(d) = 10*d**2 - 2*d - 1. Calculate m(v).
11
Let h(n) = n**3 + 7*n**2 - n - 1. Suppose -4*u - 6*p - 4 = 0, 2*u + 11 + 23 = 5*p. Give h(u).
6
Let w(u) = 3*u - 4. Let c(m) = -8*m + 13*m**2 + 12 - 14*m**2 - 7*m. Let z be c(-16). Give w(z).
-16
Let s(h) = -5*h - 133. Let y be s(-28). Let g(j) = j**3 - 6*j**2 - 4*j - 7. What is g(y)?
14
Let o = 59 + 40. Let x(z) = 2*z**2 + z - 107 - o + 207. Give x(-1).
2
Let c(g) = -g**2 - 4*g - 1. Let x(a) = -4*a**2 - 12*a - 2. Let d = 14 + -9. Let b = -3 + d. Let n(u) = b*x(u) - 7*c(u). Determine n(6).
-9
Let t = -26 + 26. Suppose 4*k - 5*k + 5 = t. Suppose -2*u = -5*s + 33, -9 = 3*u - k*s + 28. Let g(n) = 2*n**2 + 4*n - 3. Determine g(u).
13
Let f(z) = 11*z + 29. Let n be f(-3). Let r(w) be the first derivative of -w**3/3 - 5*w**2 - w + 1. What is r(n)?
23
Let k(u) be the third derivative of u**6/120 - u**5/4 - 2*u**4/3 + 7*u**3/3 + 21*u**2 + 2*u. Give k(16).
14
Let g = 108 + -206. Let q = -93 - g. Let c(b) = 2*b + 5 - 3*b - b. Calculate c(q).
-5
Let f(h) = h**2 + 208*h + 7 - 3 - 413*h + 209*h. Suppose 0 = n - 2*n - 4. Give f(n).
4
Let f(x) be the third derivative of 0*x**5 + 8*x**2 + 0 - 1/60*x**6 + 0*x + 1/12*x**4 - 1/6*x**3. What is f(1)?
-1
Let r(w) = -w - 25. Suppose 0 = -4*u + 5*c - 25, 2*u - 6*c + 4*c = -10. What is r(u)?
-25
Let z(k) = -17 + 2